{"id":71,"date":"2022-06-02T13:35:38","date_gmt":"2022-06-02T11:35:38","guid":{"rendered":"https:\/\/seka.pl\/magazyn\/?page_id=71"},"modified":"2026-02-04T13:12:28","modified_gmt":"2026-02-04T12:12:28","slug":"magazyn-seka","status":"publish","type":"page","link":"https:\/\/www.seka.pl\/magazyn\/magazyn-seka\/","title":{"rendered":"Magazyn SEKA"},"content":{"rendered":"<p>[vc_row][vc_column width=&#8221;1\/2&#8243;][vc_single_image image=&#8221;1589&#8243; img_size=&#8221;medium&#8221; alignment=&#8221;center&#8221; onclick=&#8221;custom_link&#8221; css_animation=&#8221;right-to-left&#8221;][\/vc_column][vc_column width=&#8221;1\/2&#8243;]<div class=\"lvca-heading lvca-style1 lvca-aligncenter \" ><h3 class=\"lvca-title\">Pobierz najnowszy Magazyn SEKA<\/h3><\/div>[vc_btn title=&#8221;Pobierz&#8221; shape=&#8221;round&#8221; color=&#8221;green&#8221; align=&#8221;center&#8221; link=&#8221;url:https%3A%2F%2Fmagazyn-seka.grwebsite.pl%2F&#8221;][\/vc_column][\/vc_row][vc_row][vc_column][vc_column_text]<strong>Magazyn SEKA jest wydawany przez nasz\u0105 sp\u00f3\u0142k\u0119 od 2014 r. Jego ide\u0105 jest promowanie wiedzy o najnowszych trendach w obszarze bezpiecznych warunk\u00f3w pracy, ochrony \u015brodowiska oraz szkole\u0144.<\/strong><\/p>\n<p>Na \u0142amach magazynu prezentujemy tak\u017ce wywiady z naszymi ekspertami oraz zaproszonymi go\u015b\u0107mi. Gor\u0105co liczymy, \u017ce lektura naszych magazyn\u00f3w stanie si\u0119 dla Pa\u0144stwa z jednej strony okazj\u0105 do pog\u0142\u0119bienia zawodowej wiedzy, ale tak\u017ce form\u0105 mi\u0142ego sp\u0119dzenia czasu na lekturze ciekawych artyku\u0142\u00f3w.[\/vc_column_text][vc_column_text]SEKA S.A. ma w swoim DNA i misji edukowanie w zakresie szeroko rozumianego bezpiecze\u0144stwa oraz promocj\u0119 kultury bezpiecze\u0144stwa. Jest to dzia\u0142anie nie tylko wynikaj\u0105ce z podpisanych um\u00f3w z klientami, ale tak\u017ce z obszaru spo\u0142ecznej odpowiedzialno\u015bci biznesu.[\/vc_column_text][vc_separator color=&#8221;custom&#8221; accent_color=&#8221;#00447e&#8221;]<div class=\"lvca-heading lvca-style1 lvca-aligncenter \" ><h3 class=\"lvca-title\">Najnowsze wydanie<\/h3><p class=\"lvca-text\">Magazyn Seka #40<\/p><\/div>[\/vc_column][\/vc_row][vc_row][vc_column css_animation=&#8221;right-to-left&#8221; width=&#8221;1\/2&#8243;][vc_column_text css_animation=&#8221;right-to-left&#8221;]Na pocz\u0105tku roku cz\u0119sto zastanawiamy si\u0119, jaki on b\u0119dzie i co nam przyniesie. My r\u00f3wnie\u017c, uwa\u017cnie przygl\u0105daj\u0105c si\u0119 temu, co dzieje si\u0119 wok\u00f3\u0142 \u2013 zmianom na rynku pracy, technologicznym, klimatycznym \u2013 wybiegamy my\u015bl\u0105 w przysz\u0142o\u015b\u0107. Analizujemy przede wszystkim to, jak w najbli\u017cszym czasie b\u0119dzie zmienia\u0107 si\u0119 BHP \u2013 co b\u0119dzie na nie wp\u0142ywa\u0107, jak b\u0119dziemy je definiowa\u0107 i na jakie nowe potrzeby b\u0119d\u0105 musieli odpowiada\u0107 specjali\u015bci BHP. Je\u015bli to bliski Pa\u0144stwu temat, zapraszamy do lektury naszego ok\u0142adkowego artyku\u0142u \u201eTrendy w BHP 2026\u201d, w kt\u00f3rym odwo\u0142ujemy si\u0119 r\u00f3wnie\u017c do naszego raportu \u201ePrzysz\u0142o\u015b\u0107 BHP<br \/>\nw Polsce: G\u0142os Inspektor\u00f3w\u201d.<\/p>\n<p>Wzmacnianiu bezpiecze\u0144stwa firmy i pracownik\u00f3w po\u015bwi\u0119cony jest te\u017c artyku\u0142 \u201eDzia\u0142ania prewencyjne pracodawcy\u201d, w kt\u00f3rym wskazujemy konkretne obszary, o kt\u00f3re warto zadba\u0107, zw\u0142aszcza w aktualnych czasach.<\/p>\n<p>Z dwoma powy\u017cszymi w\u0105tkami koresponduje tekst, w kt\u00f3rym przybli\u017camy nowe wytyczne Europejskiej Rady Resuscytacji dotycz\u0105ce udzielania pierwszej pomocy. Co si\u0119 zmieni\u0142o? M.in. coraz wa\u017cniejsze staje si\u0119 wsp\u00f3\u0142dzia\u0142anie podczas niesienia pomocy i zapewnienie wsparcia psychicznego zar\u00f3wno poszkodowanym, jak i ratownikom. To jeszcze raz pokazuje, \u017ce ro\u015bnie rola wsp\u00f3lnego dzia\u0142ania i potrzeba zapewnienia bezpiecze\u0144stwa rozumianego nie tylko w kontek\u015bcie fizycznym, ale coraz bardziej te\u017c psychicznym.<\/p>\n<p>Bezpiecze\u0144stwa fizycznego jednak nie pomijamy i w\u0142a\u015bnie o nim pisze nasza ekspertka, przypominaj\u0105c o obowi\u0105zkach pracodawc\u00f3w zwi\u0105zanych z prac\u0105 z chemikaliami. To temat, kt\u00f3ry zdecydowanie warto sobie przypomina\u0107.<\/p>\n<p>Rok 2026 to r\u00f3wnie\u017c zmiany w przepisach prawa pracy. Dlatego nasi eksperci wyja\u015bniaj\u0105 zmiany dotycz\u0105ce wyliczania sta\u017cu pracy oraz projektowane zmiany przepis\u00f3w dotycz\u0105cych um\u00f3w cywilnoprawnych.<br \/>\nI na koniec dzielimy si\u0119 z Pa\u0144stwem podsumowaniami roku 2025 w SEKA. Ten rok przyni\u00f3s\u0142 nam sporo nowych temat\u00f3w i wydarze\u0144. Zach\u0119camy do ich bli\u017cszego poznania.<\/p>\n<p>Cieszymy si\u0119, \u017ce w roku 2026 s\u0105 Pa\u0144stwo z nami.\u00a0Zapraszaj\u0105c do lektury magazynu, dzi\u0119kujemy za Pa\u0144stwa zaufanie i \u017cyczymy dobrego, bezpiecznego roku.[\/vc_column_text][\/vc_column][vc_column width=&#8221;1\/2&#8243;][vc_single_image image=&#8221;1589&#8243; img_size=&#8221;full&#8221; css_animation=&#8221;right-to-left&#8221;][\/vc_column][\/vc_row][vc_row][vc_column width=&#8221;1\/3&#8243;][\/vc_column][vc_column width=&#8221;1\/3&#8243;][vc_column_text css_animation=&#8221;right-to-left&#8221;]<\/p>\n<h5 style=\"text-align: center;\">Wcze\u015bniejsze numery<\/h5>\n<p>[\/vc_column_text][vc_btn title=&#8221;Archiwum&#8221; style=&#8221;classic&#8221; shape=&#8221;round&#8221; color=&#8221;green&#8221; align=&#8221;center&#8221; link=&#8221;url:https%3A%2F%2Fseka.pl%2Fmagazyn%2Farchiwum&#8221;][\/vc_column][vc_column width=&#8221;1\/3&#8243;][\/vc_column][\/vc_row]<\/p>\n","protected":false},"excerpt":{"rendered":"<p>[vc_row][vc_column width=&#8221;1\/2&#8243;][vc_single_image image=&#8221;1589&#8243; img_size=&#8221;medium&#8221; alignment=&#8221;center&#8221; onclick=&#8221;custom_link&#8221; css_animation=&#8221;right-to-left&#8221;][\/vc_column][vc_column width=&#8221;1\/2&#8243;][vc_btn title=&#8221;Pobierz&#8221; shape=&#8221;round&#8221; color=&#8221;green&#8221; align=&#8221;center&#8221; link=&#8221;url:https%3A%2F%2Fmagazyn-seka.grwebsite.pl%2F&#8221;][\/vc_column][\/vc_row][vc_row][vc_column][vc_column_text]Magazyn SEKA jest wydawany przez nasz\u0105 sp\u00f3\u0142k\u0119 od 2014 r. Jego ide\u0105 jest promowanie wiedzy o najnowszych trendach w obszarze bezpiecznych warunk\u00f3w pracy, ochrony \u015brodowiska oraz szkole\u0144. Na \u0142amach magazynu prezentujemy tak\u017ce wywiady z naszymi ekspertami oraz zaproszonymi go\u015b\u0107mi. Gor\u0105co liczymy, \u017ce lektura naszych magazyn\u00f3w stanie si\u0119 dla Pa\u0144stwa z jednej strony okazj\u0105 do pog\u0142\u0119bienia zawodowej wiedzy, ale tak\u017ce form\u0105 mi\u0142ego sp\u0119dzenia czasu na lekturze ciekawych artyku\u0142\u00f3w.[\/vc_column_text][vc_column_text]SEKA S.A. ma w swoim DNA i misji edukowanie w zakresie szeroko rozumianego bezpiecze\u0144stwa oraz promocj\u0119 kultury bezpiecze\u0144stwa. Jest to dzia\u0142anie nie tylko wynikaj\u0105ce z podpisanych um\u00f3w z klientami, ale tak\u017ce z obszaru spo\u0142ecznej odpowiedzialno\u015bci biznesu.[\/vc_column_text][vc_separator color=&#8221;custom&#8221; accent_color=&#8221;#00447e&#8221;][\/vc_column][\/vc_row][vc_row][vc_column css_animation=&#8221;right-to-left&#8221; width=&#8221;1\/2&#8243;][vc_column_text css_animation=&#8221;right-to-left&#8221;]Na pocz\u0105tku roku cz\u0119sto zastanawiamy si\u0119, jaki on b\u0119dzie i co nam przyniesie. My r\u00f3wnie\u017c, uwa\u017cnie przygl\u0105daj\u0105c si\u0119 temu, co dzieje si\u0119 wok\u00f3\u0142 \u2013 zmianom na rynku pracy, technologicznym, klimatycznym \u2013 wybiegamy my\u015bl\u0105 w przysz\u0142o\u015b\u0107. Analizujemy przede wszystkim to, jak w najbli\u017cszym czasie b\u0119dzie zmienia\u0107 si\u0119 BHP \u2013 co b\u0119dzie na nie wp\u0142ywa\u0107, jak b\u0119dziemy je definiowa\u0107 i na jakie nowe potrzeby b\u0119d\u0105 musieli odpowiada\u0107 specjali\u015bci BHP. Je\u015bli to bliski Pa\u0144stwu temat, zapraszamy do lektury naszego ok\u0142adkowego artyku\u0142u \u201eTrendy w BHP 2026\u201d, [&hellip;]<\/p>\n","protected":false},"author":3,"featured_media":0,"parent":0,"menu_order":0,"comment_status":"closed","ping_status":"closed","template":"page-fullwidth.php","meta":{"footnotes":""},"class_list":["post-71","page","type-page","status-publish","hentry"],"yoast_head":"<!-- This site is optimized with the Yoast SEO plugin v19.2 - https:\/\/yoast.com\/wordpress\/plugins\/seo\/ -->\n<title>Magazyn SEKA - Magazyn Seka<\/title>\n<meta name=\"description\" content=\"Ide\u0105 Magazynu Seka jest promowanie wiedzy o najnowszych trendach w obszarze bezpiecznych warunk\u00f3w pracy oraz szkole\u0144 i rozwoju.\" \/>\n<meta name=\"robots\" content=\"index, follow, max-snippet:-1, max-image-preview:large, max-video-preview:-1\" \/>\n<link rel=\"canonical\" href=\"https:\/\/www.seka.pl\/magazyn\/magazyn-seka\/\" \/>\n<meta property=\"og:locale\" content=\"pl_PL\" \/>\n<meta property=\"og:type\" content=\"article\" \/>\n<meta property=\"og:title\" content=\"Magazyn SEKA - Magazyn Seka\" \/>\n<meta property=\"og:description\" content=\"Ide\u0105 Magazynu Seka jest promowanie wiedzy o najnowszych trendach w obszarze bezpiecznych warunk\u00f3w pracy oraz szkole\u0144 i rozwoju.\" \/>\n<meta property=\"og:url\" content=\"https:\/\/www.seka.pl\/magazyn\/magazyn-seka\/\" \/>\n<meta property=\"og:site_name\" content=\"Magazyn Seka\" \/>\n<meta property=\"article:modified_time\" content=\"2026-02-04T12:12:28+00:00\" \/>\n<meta name=\"author\" content=\"Maciej\" \/>\n<meta name=\"twitter:card\" content=\"summary_large_image\" \/>\n<meta name=\"twitter:label1\" content=\"Szacowany czas czytania\" \/>\n\t<meta name=\"twitter:data1\" content=\"3 minuty\" \/>\n<script type=\"application\/ld+json\" class=\"yoast-schema-graph\">{\"@context\":\"https:\/\/schema.org\",\"@graph\":[{\"@type\":\"WebSite\",\"@id\":\"https:\/\/www.seka.pl\/magazyn\/#website\",\"url\":\"https:\/\/www.seka.pl\/magazyn\/\",\"name\":\"Magazyn Seka\",\"description\":\"Bezpiecze\u0144stwo i dobre praktyki w obszarze warunk\u00f3w pracy, kultura bezpiecze\u0144stwa, wellbeing\",\"potentialAction\":[{\"@type\":\"SearchAction\",\"target\":{\"@type\":\"EntryPoint\",\"urlTemplate\":\"https:\/\/www.seka.pl\/magazyn\/?s={search_term_string}\"},\"query-input\":\"required name=search_term_string\"}],\"inLanguage\":\"pl-PL\"},{\"@type\":\"WebPage\",\"@id\":\"https:\/\/www.seka.pl\/magazyn\/magazyn-seka\/#webpage\",\"url\":\"https:\/\/www.seka.pl\/magazyn\/magazyn-seka\/\",\"name\":\"Magazyn SEKA - Magazyn Seka\",\"isPartOf\":{\"@id\":\"https:\/\/www.seka.pl\/magazyn\/#website\"},\"datePublished\":\"2022-06-02T11:35:38+00:00\",\"dateModified\":\"2026-02-04T12:12:28+00:00\",\"description\":\"Ide\u0105 Magazynu Seka jest promowanie wiedzy o najnowszych trendach w obszarze bezpiecznych warunk\u00f3w pracy oraz szkole\u0144 i rozwoju.\",\"breadcrumb\":{\"@id\":\"https:\/\/www.seka.pl\/magazyn\/magazyn-seka\/#breadcrumb\"},\"inLanguage\":\"pl-PL\",\"potentialAction\":[{\"@type\":\"ReadAction\",\"target\":[\"https:\/\/www.seka.pl\/magazyn\/magazyn-seka\/\"]}]},{\"@type\":\"BreadcrumbList\",\"@id\":\"https:\/\/www.seka.pl\/magazyn\/magazyn-seka\/#breadcrumb\",\"itemListElement\":[{\"@type\":\"ListItem\",\"position\":1,\"name\":\"Strona g\u0142\u00f3wna\",\"item\":\"https:\/\/www.seka.pl\/magazyn\/\"},{\"@type\":\"ListItem\",\"position\":2,\"name\":\"Magazyn SEKA\"}]}]}<\/script>\n<!-- \/ Yoast SEO plugin. -->","yoast_head_json":{"title":"Magazyn SEKA - Magazyn Seka","description":"Ide\u0105 Magazynu Seka jest promowanie wiedzy o najnowszych trendach w obszarze bezpiecznych warunk\u00f3w pracy oraz szkole\u0144 i rozwoju.","robots":{"index":"index","follow":"follow","max-snippet":"max-snippet:-1","max-image-preview":"max-image-preview:large","max-video-preview":"max-video-preview:-1"},"canonical":"https:\/\/www.seka.pl\/magazyn\/magazyn-seka\/","og_locale":"pl_PL","og_type":"article","og_title":"Magazyn SEKA - Magazyn Seka","og_description":"Ide\u0105 Magazynu Seka jest promowanie wiedzy o najnowszych trendach w obszarze bezpiecznych warunk\u00f3w pracy oraz szkole\u0144 i rozwoju.","og_url":"https:\/\/www.seka.pl\/magazyn\/magazyn-seka\/","og_site_name":"Magazyn Seka","article_modified_time":"2026-02-04T12:12:28+00:00","author":"Maciej","twitter_card":"summary_large_image","twitter_misc":{"Szacowany czas czytania":"3 minuty"},"schema":{"@context":"https:\/\/schema.org","@graph":[{"@type":"WebSite","@id":"https:\/\/www.seka.pl\/magazyn\/#website","url":"https:\/\/www.seka.pl\/magazyn\/","name":"Magazyn Seka","description":"Bezpiecze\u0144stwo i dobre praktyki w obszarze warunk\u00f3w pracy, kultura bezpiecze\u0144stwa, wellbeing","potentialAction":[{"@type":"SearchAction","target":{"@type":"EntryPoint","urlTemplate":"https:\/\/www.seka.pl\/magazyn\/?s={search_term_string}"},"query-input":"required name=search_term_string"}],"inLanguage":"pl-PL"},{"@type":"WebPage","@id":"https:\/\/www.seka.pl\/magazyn\/magazyn-seka\/#webpage","url":"https:\/\/www.seka.pl\/magazyn\/magazyn-seka\/","name":"Magazyn SEKA - Magazyn Seka","isPartOf":{"@id":"https:\/\/www.seka.pl\/magazyn\/#website"},"datePublished":"2022-06-02T11:35:38+00:00","dateModified":"2026-02-04T12:12:28+00:00","description":"Ide\u0105 Magazynu Seka jest promowanie wiedzy o najnowszych trendach w obszarze bezpiecznych warunk\u00f3w pracy oraz szkole\u0144 i rozwoju.","breadcrumb":{"@id":"https:\/\/www.seka.pl\/magazyn\/magazyn-seka\/#breadcrumb"},"inLanguage":"pl-PL","potentialAction":[{"@type":"ReadAction","target":["https:\/\/www.seka.pl\/magazyn\/magazyn-seka\/"]}]},{"@type":"BreadcrumbList","@id":"https:\/\/www.seka.pl\/magazyn\/magazyn-seka\/#breadcrumb","itemListElement":[{"@type":"ListItem","position":1,"name":"Strona g\u0142\u00f3wna","item":"https:\/\/www.seka.pl\/magazyn\/"},{"@type":"ListItem","position":2,"name":"Magazyn SEKA"}]}]}},"uagb_featured_image_src":{"full":false,"thumbnail":false,"medium":false,"medium_large":false,"large":false,"1536x1536":false,"2048x2048":false,"belinni-big-slider":false,"belinni-full-post":false,"belinni-middle-size":false,"belinni-masonry-size":false,"belinni-post-grid":false,"belinni-latest-side":false},"uagb_author_info":{"display_name":"Maciej","author_link":"https:\/\/www.seka.pl\/magazyn\/author\/maciej\/"},"uagb_comment_info":0,"uagb_excerpt":"[vc_row][vc_column width=&#8221;1\/2&#8243;][vc_single_image image=&#8221;1589&#8243; img_size=&#8221;medium&#8221; alignment=&#8221;center&#8221; onclick=&#8221;custom_link&#8221; css_animation=&#8221;right-to-left&#8221;][\/vc_column][vc_column width=&#8221;1\/2&#8243;][vc_btn title=&#8221;Pobierz&#8221; shape=&#8221;round&#8221; color=&#8221;green&#8221; align=&#8221;center&#8221; link=&#8221;url:https%3A%2F%2Fmagazyn-seka.grwebsite.pl%2F&#8221;][\/vc_column][\/vc_row][vc_row][vc_column][vc_column_text]Magazyn SEKA jest wydawany przez nasz\u0105 sp\u00f3\u0142k\u0119 od 2014 r. Jego ide\u0105 jest promowanie wiedzy o najnowszych trendach w obszarze bezpiecznych warunk\u00f3w pracy, ochrony \u015brodowiska oraz szkole\u0144. Na \u0142amach magazynu prezentujemy tak\u017ce wywiady z naszymi ekspertami oraz zaproszonymi go\u015b\u0107mi. Gor\u0105co liczymy, \u017ce lektura&hellip;","_links":{"self":[{"href":"https:\/\/www.seka.pl\/magazyn\/wp-json\/wp\/v2\/pages\/71","targetHints":{"allow":["GET"]}}],"collection":[{"href":"https:\/\/www.seka.pl\/magazyn\/wp-json\/wp\/v2\/pages"}],"about":[{"href":"https:\/\/www.seka.pl\/magazyn\/wp-json\/wp\/v2\/types\/page"}],"author":[{"embeddable":true,"href":"https:\/\/www.seka.pl\/magazyn\/wp-json\/wp\/v2\/users\/3"}],"replies":[{"embeddable":true,"href":"https:\/\/www.seka.pl\/magazyn\/wp-json\/wp\/v2\/comments?post=71"}],"version-history":[{"count":87,"href":"https:\/\/www.seka.pl\/magazyn\/wp-json\/wp\/v2\/pages\/71\/revisions"}],"predecessor-version":[{"id":1594,"href":"https:\/\/www.seka.pl\/magazyn\/wp-json\/wp\/v2\/pages\/71\/revisions\/1594"}],"wp:attachment":[{"href":"https:\/\/www.seka.pl\/magazyn\/wp-json\/wp\/v2\/media?parent=71"}],"curies":[{"name":"wp","href":"https:\/\/api.w.org\/{rel}","templated":true}]}}